027 a prime number?
False
Is 98965 prime?
False
Is 63029 composite?
False
Is 649 prime?
False
Is 33457 a composite number?
False
Is 187751 composite?
False
Is 463319 prime?
True
Is 8357 a composite number?
True
Is 235997 prime?
True
Is 7073 a prime number?
False
Is 461081 a prime number?
False
Is 13751 a prime number?
True
Is 27667 composite?
True
Is 2552897 a prime number?
False
Is 5347 a composite number?
False
Is 13537 composite?
False
Is 357859 prime?
True
Is 10643 a prime number?
False
Is 35591 a composite number?
False
Is 132485 composite?
True
Is 4861 prime?
True
Is 622823 composite?
True
Is 9029 composite?
False
Is 37817 a composite number?
True
Is 1069853 a prime number?
True
Is 4485983 a composite number?
False
Is 7283 a composite number?
False
Is 10357 a composite number?
False
Is 11197 a prime number?
True
Is 641107 a composite number?
True
Is 76227 prime?
False
Is 8843 composite?
True
Is 2453 a composite number?
True
Is 8209 a composite number?
False
Is 320615 prime?
False
Is 11959 a prime number?
True
Is 329963 a composite number?
True
Is 54923 a prime number?
False
Is 834781 a prime number?
True
Is 3163 a composite number?
False
Is 5429 a composite number?
True
Is 2229655 prime?
False
Is 7901 a prime number?
True
Is 271003 prime?
True
Is 68827 a prime number?
False
Is 498331 a composite number?
False
Is 9449 a composite number?
True
Is 487373 a prime number?
False
Is 28207 a prime number?
False
Is 65027 prime?
True
Is 1027201 a prime number?
False
Is 4822 a composite number?
True
Is 619331 a prime number?
True
Is 51259 a composite number?
True
Is 18014 a composite number?
True
Is 629 composite?
True
Is 10123 a prime number?
False
Is 149501 a composite number?
True
Is 5935 a prime number?
False
Is 271333 a prime number?
True
Is 745817 a composite number?
False
Is 65117 composite?
True
Is 6131 composite?
False
Is 156059 composite?
False
Is 116673 a composite number?
True
Is 47543 a composite number?
False
Is 1058329 composite?
False
Is 36035 prime?
False
Is 136229 composite?
True
Is 827147 a prime number?
True
Is 6121 composite?
False
Is 32995 composite?
True
Is 5937 prime?
False
Is 116407 a composite number?
True
Is 622861 prime?
True
Is 378269 composite?
False
Is 4868785 composite?
True
Is 1087741 a composite number?
False
Is 81595 composite?
True
Is 12809 composite?
False
Is 12247 prime?
False
Is 269427 composite?
True
Is 61211 a composite number?
False
Is 127913 prime?
True
Is 15166 composite?
True
Is 7529 composite?
False
Is 751421 composite?
True
Is 13157 a composite number?
True
Is 238699 a prime number?
False
Is 400341 composite?
True
Is 1067 prime?
False
Is 531547 composite?
False
Is 3262849 prime?
False
Is 541 prime?
True
Is 107383 prime?
False
Is 26143 composite?
True
Is 1979 composite?
False
Is 691319 a composite number?
True
Is 36415 a composite number?
True
Is 177305 prime?
False
Is 613441 prime?
True
Is 205589 a composite number?
False
Is 13517 composite?
True
Is 3359 composite?
False
Is 3833 a composite number?
False
Is 4918 composite?
True
Is 20143 a composite number?
False
Is 85411 a prime number?
True
Is 570733 a prime number?
True
Is 11087 a composite number?
False
Is 123117 a composite number?
True
Is 5557 a composite number?
False
Is 1740349 a composite number?
True
Is 18143 prime?
True
Is 4007 prime?
True
Is 93446 a prime number?
False
Is 449 prime?
True
Is 1599055 prime?
False
Is 95701 a prime number?
True
Is 52985 a composite number?
True
Is 2741 a prime number?
True
Is 5077 a prime number?
True
Is 6389853 composite?
True
Is 19563 composite?
True
Is 220283 composite?
True
Is 1231511 a prime number?
True
Is 89581 a composite number?
True
Is 805693 a prime number?
False
Is 380669 prime?
False
Is 61219 prime?
False
Is 185183 a prime number?
True
Is 364801 prime?
True
Is 47563 a prime number?
True
Is 49031 prime?
True
Is 776851 a composite number?
False
Is 649567 composite?
False
Is 5027 a prime number?
False
Is 6029 a prime number?
True
Is 11789 a composite number?
False
Is 103 prime?
True
Is 1277 prime?
True
Is 3566163 prime?
False
Is 5403 composite?
True
Is 243493 prime?
False
Is 10519 prime?
False
Is 1133 a prime number?
False
Is 6899 composite?
False
Is 60343 a composite number?
False
Is 480581 composite?
True
Is 99467 a composite number?
True
Is 365489 prime?
True
Is 1251979 a composite number?
True
Is 235661 composite?
False
Is 209131 composite?
True
Is 3389 a composite number?
False
Is 438827 a composite number?
False
Is 18539 a prime number?
True
Is 138053 a composite number?
False
Is 2600581 prime?
True
Is 19531 prime?
True
Is 9127 prime?
True
Is 35969 prime?
True
Is 14386 a prime number?
False
Is 18269 a prime number?
True
Is 210437 a prime number?
True
Is 252691 prime?
True
Is 8521 a prime number?
True
Is 27377 a prime number?
False
Is 1543 a composite number?
False
Is 10397 a prime number?
False
Is 39971 composite?
False
Is 70931 a composite number?
True
Is 57527 prime?
True
Is 1169 prime?
False
Is 4007 prime?
True
Is 1196059 prime?
True
Is 31241 a composite number?
True
Is 82907 prime?
False
Is 1373 composite?
False
Is 19207 composite?
False
Is 2789 composite?
False
Is 29686 prime?
False
Is 8039 composite?
False
Is 236323 a composite number?
False
Is 35179 composite?
True
Is 1646683 prime?
False
Is 24933 a composite number?
True
Is 688183 prime?
False
Is 142 a composite number?
True
Is 22961 a composite number?
False
Is 384977 a composite number?
True
Is 1098787 a composite number?
False
Is 259949 composite?
False
Is 8887 a prime number?
True
Is 439213 composite?
True
Is 1002989 a prime number?
False
Is 43161 a composite number?
True
Is 2153 prime?
True
Is 19237 prime?
True
Is 558149 a composite number?
False
Is 10589 a composite number?
False
Is 2927 composite?
False
Is 15299 a prime number?
True
Is 1474807 composite?
True
Is 12659 a composite number?
False
Is 4187 a prime number?
False
Is 20323 prime?
True
Is 7789 composite?
False
Is 211 prime?
True
Is 64401 a prime number?
False
Is 3163 a composite number?
False
Is 209 a composite number?
True
Is 1968503 a prime number?
False
Is 89111 prime?
False
Is 30983 composite?
False
Is 2302 a composite number?
True
Is 3203 composite?
False
Is 479134 composite?
True
Is 51971 a composite number?
False
Is 3991 a composite number?
True
Is 360769 a prime number?
True
Is 191 a prime number?
True
Is 61739 a composite number?
True
Is 243421 composite?
False
Is 75503 a composite number?
False
Is 33257 a composite number?
True
Is 17857 composite?
True
Is 166781 prime?
True
Is 34991 a prime number?
False
Is 80561 prime?
False
Is 31013 composite?
False
Is 980713 a composite number?
True
Is 1541 prime?
False
Is 13894 a composite number?
True
Is 1032643 a composite number?
False
Is 442003 a composite number?
False
Is 7451 a composite number?
False
Is 223 prime?
True
Is 5181845 a prime number?
False
Is 34423 a composite number?
True
Is 563 prime?
True
Is 90721 a composite number?
True
Is 28973 composite?
True
Is 747851 composite?
True
Is 289877 prime?
False
Is 7451 a composite number?
False
Is 2923 a prime number?
False
Is 33169 a composite number?
True
Is 577427 prime?
True
Is 79571 a prime number?
False
Is 6637 a prime number?
True
Is 19661 a prime number?
True
Is 8147 a composite number?
False
Is 6469 a composite number?
False
Is 314 a composite number?
True
Is 3233 prime?
False
Is 23143 composite?
False
Is 6947 a composite number?
False
Is 7283 a composite number?
False
Is 246817 composite?
False
Is 1841 composite?
True
Is 970351 prime?
True
Is 1858 a prime number?
False
Is 252079 a prime number?
True
Is 17869 a prime number?
False
Is 1064911 a composite number?
False
Is 56359 composite?
False
Is 5381 composite?
False
Is 623965 a prime number?
False
Is 32869 a prime number?
True
Is 21961 a composite number?
False
Is 27327 a prime number?
False
Is 1511121 a composite number?
True
Is 428597 a composite number?
True
Is 19369 prime?
False
Is 24317 composite?
False
Is 839599 a prime number?
True
Is 1086229 prime?
False
Is 532479 a composite number?
True
Is 557483 a composite number?
False
Is 659635 a prime number?
False
Is 3761 prime?
True
Is 32831 a prime number?
True
Is 40721 prime?
False
Is 1637 prime?
True
Is 6385 composite?
True
Is 827141 a composite number?
